36.224.204.46 - - [27/Apr/2023:06:35:14 +0000] "GET / HTTP/1.1" 403 3630 "-" "Mozilla/5.0 (Macintosh; Intel Mac OS X 10_15_7) AppleWebKit/537.36 (KHTML, like Gecko) Chrome/112.0.0.0 Safari/537.36"
36.224.204.46 - - [27/Apr/2023:06:35:18 +0000] "GET / HTTP/1.1" 403 3630 "-" "Mozilla/5.0 (Macintosh; Intel Mac OS X 10_15_7) AppleWebKit/537.36 (KHTML, like Gecko) Chrome/112.0.0.0 Safari/537.36"
36.224.204.46 - - [27/Apr/2023:06:36:11 +0000] "GET / HTTP/1.1" 403 3630 "-" "Mozilla/5.0 (Macintosh; Intel Mac OS X 10_15_7) AppleWebKit/537.36 (KHTML, like Gecko) Chrome/112.0.0.0 Safari/537.36"
36.224.204.46 - - [27/Apr/2023:06:36:12 +0000] "GET / HTTP/1.1" 403 3630 "-" "Mozilla/5.0 (Macintosh; Intel Mac OS X 10_15_7) AppleWebKit/537.36 (KHTML, like Gecko) Chrome/112.0.0.0 Safari/537.36"
36.224.204.46 - - [27/Apr/2023:06:36:36 +0000] "GET / HTTP/1.1" 403 3630 "-" "Mozilla/5.0 (Macintosh; Intel Mac OS X 10_15_7) AppleWebKit/537.36 (KHTML, like Gecko) Chrome/112.0.0.0 Safari/537.36"
36.224.204.46 - - [27/Apr/2023:06:36:37 +0000] "GET / HTTP/1.1" 403 3630 "-" "Mozilla/5.0 (Macintosh; Intel Mac OS X 10_15_7) AppleWebKit/537.36 (KHTML, like Gecko) Chrome/112.0.0.0 Safari/537.36"
36.224.204.46 - - [27/Apr/2023:06:38:14 +0000] "GET / HTTP/1.1" 403 3630 "-" "Mozilla/5.0 (Macintosh; Intel Mac OS X 10_15_7) AppleWebKit/537.36 (KHTML, like Gecko) Chrome/112.0.0.0 Safari/537.36"
36.224.204.46 - - [27/Apr/2023:06:38:15 +0000] "GET / HTTP/1.1" 403 3630 "-" "Mozilla/5.0 (Macintosh; Intel Mac OS X 10_15_7) AppleWebKit/537.36 (KHTML, like Gecko) Chrome/112.0.0.0 Safari/537.36"
36.224.204.46 - - [27/Apr/2023:06:38:16 +0000] "GET / HTTP/1.1" 403 3630 "-" "Mozilla/5.0 (Macintosh; Intel Mac OS X 10_15_7) AppleWebKit/537.36 (KHTML, like Gecko) Chrome/112.0.0.0 Safari/537.36"
36.224.204.46 - - [27/Apr/2023:06:38:16 +0000] "GET / HTTP/1.1" 403 3630 "-" "Mozilla/5.0 (Macintosh; Intel Mac OS X 10_15_7) AppleWebKit/537.36 (KHTML, like Gecko) Chrome/112.0.0.0 Safari/537.36"
36.224.204.46 - - [27/Apr/2023:06:38:38 +0000] "GET / HTTP/1.1" 403 3630 "-" "Mozilla/5.0 (Macintosh; Intel Mac OS X 10_15_7) AppleWebKit/537.36 (KHTML, like Gecko) Chrome/112.0.0.0 Safari/537.36"
36.224.204.46 - - [27/Apr/2023:06:38:38 +0000] "GET /icons/apache_pb2.gif HTTP/1.1" 200 4234 "http://justpma.justfly.idv.tw/" "Mozilla/5.0 (Macintosh; Intel Mac OS X 10_15_7) AppleWebKit/537.36 (KHTML, like Gecko) Chrome/112.0.0.0 Safari/537.36"
36.224.204.46 - - [27/Apr/2023:06:38:39 +0000] "GET / HTTP/1.1" 403 3630 "-" "Mozilla/5.0 (Macintosh; Intel Mac OS X 10_15_7) AppleWebKit/537.36 (KHTML, like Gecko) Chrome/112.0.0.0 Safari/537.36"
::1 - - [27/Apr/2023:06:39:00 +0000] "OPTIONS * HTTP/1.0" 200 - "-" "Apache/2.4.56 () (internal dummy connection)"
::1 - - [27/Apr/2023:06:39:01 +0000] "OPTIONS * HTTP/1.0" 200 - "-" "Apache/2.4.56 () (internal dummy connection)"
::1 - - [27/Apr/2023:06:39:02 +0000] "OPTIONS * HTTP/1.0" 200 - "-" "Apache/2.4.56 () (internal dummy connection)"
104.192.0.50 - - [27/Apr/2023:06:44:47 +0000] "GET /fapi/v1/trades?symbol=btcusdt&limit=1 HTTP/1.1" 404 196 "-" "Go-http-client/1.1"
36.224.204.46 - - [27/Apr/2023:06:48:04 +0000] "GET /phpmyadmin/index.php?route=/server/sql HTTP/1.1" 200 12400 "-" "Mozilla/5.0 (Macintosh; Intel Mac OS X 10_15_7) AppleWebKit/537.36 (KHTML, like Gecko) Chrome/112.0.0.0 Safari/537.36"
36.224.204.46 - - [27/Apr/2023:06:48:05 +0000] "GET /phpmyadmin/themes/pmahomme/jquery/jquery-ui.css HTTP/1.1" 200 36566 "-" "Mozilla/5.0 (Macintosh; Intel Mac OS X 10_15_7) AppleWebKit/537.36 (KHTML, like Gecko) Chrome/112.0.0.0 Safari/537.36"
36.224.204.46 - - [27/Apr/2023:06:48:05 +0000] "GET /phpmyadmin/js/vendor/codemirror/lib/codemirror.css?v=5.1.3 HTTP/1.1" 200 8709 "-" "Mozilla/5.0 (Macintosh; Intel Mac OS X 10_15_7) AppleWebKit/537.36 (KHTML, like Gecko) Chrome/112.0.0.0 Safari/537.36"
36.224.204.46 - - [27/Apr/2023:06:48:05 +0000] "GET /phpmyadmin/js/vendor/codemirror/addon/lint/lint.css?v=5.1.3 HTTP/1.1" 200 3035 "-" "Mozilla/5.0 (Macintosh; Intel Mac OS X 10_15_7) AppleWebKit/537.36 (KHTML, like Gecko) Chrome/112.0.0.0 Safari/537.36"
36.224.204.46 - - [27/Apr/2023:06:48:05 +0000] "GET /phpmyadmin/js/vendor/codemirror/addon/hint/show-hint.css?v=5.1.3 HTTP/1.1" 200 623 "-" "Mozilla/5.0 (Macintosh; Intel Mac OS X 10_15_7) AppleWebKit/537.36 (KHTML, like Gecko) Chrome/112.0.0.0 Safari/537.36"
36.224.204.46 - - [27/Apr/2023:06:48:05 +0000] "GET /phpmyadmin/js/vendor/jquery/jquery-migrate.js?v=5.1.3 HTTP/1.1" 200 25300 "-" "Mozilla/5.0 (Macintosh; Intel Mac OS X 10_15_7) AppleWebKit/537.36 (KHTML, like Gecko) Chrome/112.0.0.0 Safari/537.36"
36.224.204.46 - - [27/Apr/2023:06:48:05 +0000] "GET /phpmyadmin/js/dist/ajax.js?v=5.1.3 HTTP/1.1" 200 31330 "-" "Mozilla/5.0 (Macintosh; Intel Mac OS X 10_15_7) AppleWebKit/537.36 (KHTML, like Gecko) Chrome/112.0.0.0 Safari/537.36"
36.224.204.46 - - [27/Apr/2023:06:48:05 +0000] "GET /phpmyadmin/js/vendor/sprintf.js?v=5.1.3 HTTP/1.1" 200 7409 "-" "Mozilla/5.0 (Macintosh; Intel Mac OS X 10_15_7) AppleWebKit/537.36 (KHTML, like Gecko) Chrome/112.0.0.0 Safari/537.36"
36.224.204.46 - - [27/Apr/2023:06:48:05 +0000] "GET /phpmyadmin/js/dist/keyhandler.js?v=5.1.3 HTTP/1.1" 200 3003 "-" "Mozilla/5.0 (Macintosh; Intel Mac OS X 10_15_7) AppleWebKit/537.36 (KHTML, like Gecko) Chrome/112.0.0.0 Safari/537.36"
36.224.204.46 - - [27/Apr/2023:06:48:05 +0000] "GET /phpmyadmin/js/vendor/bootstrap/bootstrap.bundle.min.js?v=5.1.3 HTTP/1.1" 200 83253 "-" "Mozilla/5.0 (Macintosh; Intel Mac OS X 10_15_7) AppleWebKit/537.36 (KHTML, like Gecko) Chrome/112.0.0.0 Safari/537.36"
36.224.204.46 - - [27/Apr/2023:06:48:05 +0000] "GET /phpmyadmin/js/vendor/jquery/jquery.min.js?v=5.1.3 HTTP/1.1" 200 89501 "-" "Mozilla/5.0 (Macintosh; Intel Mac OS X 10_15_7) AppleWebKit/537.36 (KHTML, like Gecko) Chrome/112.0.0.0 Safari/537.36"
36.224.204.46 - - [27/Apr/2023:06:48:05 +0000] "GET /phpmyadmin/themes/pmahomme/css/theme.css?v=5.1.3&nocache=1091810933ltr&server=1 HTTP/1.1" 200 216144 "-" "Mozilla/5.0 (Macintosh; Intel Mac OS X 10_15_7) AppleWebKit/537.36 (KHTML, like Gecko) Chrome/112.0.0.0 Safari/537.36"
36.224.204.46 - - [27/Apr/2023:06:48:05 +0000] "GET /phpmyadmin/js/vendor/js.cookie.js?v=5.1.3 HTTP/1.1" 200 3883 "-" "Mozilla/5.0 (Macintosh; Intel Mac OS X 10_15_7) AppleWebKit/537.36 (KHTML, like Gecko) Chrome/112.0.0.0 Safari/537.36"
36.224.204.46 - - [27/Apr/2023:06:48:05 +0000] "GET /phpmyadmin/js/vendor/jquery/jquery.mousewheel.js?v=5.1.3 HTTP/1.1" 200 8267 "-" "Mozilla/5.0 (Macintosh; Intel Mac OS X 10_15_7) AppleWebKit/537.36 (KHTML, like Gecko) Chrome/112.0.0.0 Safari/537.36"
36.224.204.46 - - [27/Apr/2023:06:48:05 +0000] "GET /phpmyadmin/js/vendor/jquery/jquery.validate.js?v=5.1.3 HTTP/1.1" 200 50963 "-" "Mozilla/5.0 (Macintosh; Intel Mac OS X 10_15_7) AppleWebKit/537.36 (KHTML, like Gecko) Chrome/112.0.0.0 Safari/537.36"
36.224.204.46 - - [27/Apr/2023:06:48:05 +0000] "GET /phpmyadmin/js/vendor/jquery/jquery-ui-timepicker-addon.js?v=5.1.3 HTTP/1.1" 200 78475 "-" "Mozilla/5.0 (Macintosh; Intel Mac OS X 10_15_7) AppleWebKit/537.36 (KHTML, like Gecko) Chrome/112.0.0.0 Safari/537.36"
36.224.204.46 - - [27/Apr/2023:06:48:05 +0000] "GET /phpmyadmin/js/vendor/jquery/jquery.ba-hashchange-2.0.js?v=5.1.3 HTTP/1.1" 200 10505 "-" "Mozilla/5.0 (Macintosh; Intel Mac OS X 10_15_7) AppleWebKit/537.36 (KHTML, like Gecko) Chrome/112.0.0.0 Safari/537.36"
36.224.204.46 - - [27/Apr/2023:06:48:05 +0000] "GET /phpmyadmin/js/vendor/jquery/jquery.debounce-1.0.6.js?v=5.1.3 HTTP/1.1" 200 1608 "-" "Mozilla/5.0 (Macintosh; Intel Mac OS X 10_15_7) AppleWebKit/537.36 (KHTML, like Gecko) Chrome/112.0.0.0 Safari/537.36"
36.224.204.46 - - [27/Apr/2023:06:48:05 +0000] "GET /phpmyadmin/js/dist/menu_resizer.js?v=5.1.3 HTTP/1.1" 200 5687 "-" "Mozilla/5.0 (Macintosh; Intel Mac OS X 10_15_7) AppleWebKit/537.36 (KHTML, like Gecko) Chrome/112.0.0.0 Safari/537.36"
36.224.204.46 - - [27/Apr/2023:06:48:05 +0000] "GET /phpmyadmin/js/dist/cross_framing_protection.js?v=5.1.3 HTTP/1.1" 200 419 "-" "Mozilla/5.0 (Macintosh; Intel Mac OS X 10_15_7) AppleWebKit/537.36 (KHTML, like Gecko) Chrome/112.0.0.0 Safari/537.36"
36.224.204.46 - - [27/Apr/2023:06:48:05 +0000] "GET /phpmyadmin/js/dist/rte.js?v=5.1.3 HTTP/1.1" 200 40074 "-" "Mozilla/5.0 (Macintosh; Intel Mac OS X 10_15_7) AppleWebKit/537.36 (KHTML, like Gecko) Chrome/112.0.0.0 Safari/537.36"
36.224.204.46 - - [27/Apr/2023:06:48:05 +0000] "GET /phpmyadmin/js/vendor/jquery/jquery-ui.min.js?v=5.1.3 HTTP/1.1" 200 253669 "-" "Mozilla/5.0 (Macintosh; Intel Mac OS X 10_15_7) AppleWebKit/537.36 (KHTML, like Gecko) Chrome/112.0.0.0 Safari/537.36"
36.224.204.46 - - [27/Apr/2023:06:48:05 +0000] "GET /phpmyadmin/js/dist/config.js?v=5.1.3 HTTP/1.1" 200 25448 "-" "Mozilla/5.0 (Macintosh; Intel Mac OS X 10_15_7) AppleWebKit/537.36 (KHTML, like Gecko) Chrome/112.0.0.0 Safari/537.36"
36.224.204.46 - - [27/Apr/2023:06:48:05 +0000] "GET /phpmyadmin/js/dist/doclinks.js?v=5.1.3 HTTP/1.1" 200 18292 "-" "Mozilla/5.0 (Macintosh; Intel Mac OS X 10_15_7) AppleWebKit/537.36 (KHTML, like Gecko) Chrome/112.0.0.0 Safari/537.36"
36.224.204.46 - - [27/Apr/2023:06:48:05 +0000] "GET /phpmyadmin/js/messages.php?l=zh_TW&v=5.1.3 HTTP/1.1" 200 9358 "-" "Mozilla/5.0 (Macintosh; Intel Mac OS X 10_15_7) AppleWebKit/537.36 (KHTML, like Gecko) Chrome/112.0.0.0 Safari/537.36"
36.224.204.46 - - [27/Apr/2023:06:48:05 +0000] "GET /phpmyadmin/js/dist/functions.js?v=5.1.3 HTTP/1.1" 200 161208 "-" "Mozilla/5.0 (Macintosh; Intel Mac OS X 10_15_7) AppleWebKit/537.36 (KHTML, like Gecko) Chrome/112.0.0.0 Safari/537.36"
36.224.204.46 - - [27/Apr/2023:06:48:05 +0000] "GET /phpmyadmin/js/dist/navigation.js?v=5.1.3 HTTP/1.1" 200 54678 "-" "Mozilla/5.0 (Macintosh; Intel Mac OS X 10_15_7) AppleWebKit/537.36 (KHTML, like Gecko) Chrome/112.0.0.0 Safari/537.36"
36.224.204.46 - - [27/Apr/2023:06:48:05 +0000] "GET /phpmyadmin/js/dist/indexes.js?v=5.1.3 HTTP/1.1" 200 26322 "-" "Mozilla/5.0 (Macintosh; Intel Mac OS X 10_15_7) AppleWebKit/537.36 (KHTML, like Gecko) Chrome/112.0.0.0 Safari/537.36"
36.224.204.46 - - [27/Apr/2023:06:48:05 +0000] "GET /phpmyadmin/js/dist/common.js?v=5.1.3 HTTP/1.1" 200 4388 "-" "Mozilla/5.0 (Macintosh; Intel Mac OS X 10_15_7) AppleWebKit/537.36 (KHTML, like Gecko) Chrome/112.0.0.0 Safari/537.36"
36.224.204.46 - - [27/Apr/2023:06:48:05 +0000] "GET /phpmyadmin/js/dist/page_settings.js?v=5.1.3 HTTP/1.1" 200 1568 "-" "Mozilla/5.0 (Macintosh; Intel Mac OS X 10_15_7) AppleWebKit/537.36 (KHTML, like Gecko) Chrome/112.0.0.0 Safari/537.36"
36.224.204.46 - - [27/Apr/2023:06:48:05 +0000] "GET /phpmyadmin/js/dist/makegrid.js?v=5.1.3 HTTP/1.1" 200 79747 "-" "Mozilla/5.0 (Macintosh; Intel Mac OS X 10_15_7) AppleWebKit/537.36 (KHTML, like Gecko) Chrome/112.0.0.0 Safari/537.36"
36.224.204.46 - - [27/Apr/2023:06:48:05 +0000] "GET /phpmyadmin/js/vendor/jquery/jquery.uitablefilter.js?v=5.1.3 HTTP/1.1" 200 3139 "-" "Mozilla/5.0 (Macintosh; Intel Mac OS X 10_15_7) AppleWebKit/537.36 (KHTML, like Gecko) Chrome/112.0.0.0 Safari/537.36"
36.224.204.46 - - [27/Apr/2023:06:48:05 +0000] "GET /phpmyadmin/js/vendor/stickyfill.min.js?v=5.1.3 HTTP/1.1" 200 6500 "-" "Mozilla/5.0 (Macintosh; Intel Mac OS X 10_15_7) AppleWebKit/537.36 (KHTML, like Gecko) Chrome/112.0.0.0 Safari/537.36"
36.224.204.46 - - [27/Apr/2023:06:48:05 +0000] "GET /phpmyadmin/js/vendor/codemirror/lib/codemirror.js?v=5.1.3 HTTP/1.1" 200 399842 "-" "Mozilla/5.0 (Macintosh; Intel Mac OS X 10_15_7) AppleWebKit/537.36 (KHTML, like Gecko) Chrome/112.0.0.0 Safari/537.36"
36.224.204.46 - - [27/Apr/2023:06:48:05 +0000] "GET /phpmyadmin/js/dist/sql.js?v=5.1.3 HTTP/1.1" 200 35847 "-" "Mozilla/5.0 (Macintosh; Intel Mac OS X 10_15_7) AppleWebKit/537.36 (KHTML, like Gecko) Chrome/112.0.0.0 Safari/537.36"
36.224.204.46 - - [27/Apr/2023:06:48:05 +0000] "GET /phpmyadmin/js/vendor/codemirror/mode/sql/sql.js?v=5.1.3 HTTP/1.1" 200 47998 "-" "Mozilla/5.0 (Macintosh; Intel Mac OS X 10_15_7) AppleWebKit/537.36 (KHTML, like Gecko) Chrome/112.0.0.0 Safari/537.36"
36.224.204.46 - - [27/Apr/2023:06:48:05 +0000] "GET /phpmyadmin/js/vendor/codemirror/addon/hint/show-hint.js?v=5.1.3 HTTP/1.1" 200 19979 "-" "Mozilla/5.0 (Macintosh; Intel Mac OS X 10_15_7) AppleWebKit/537.36 (KHTML, like Gecko) Chrome/112.0.0.0 Safari/537.36"
36.224.204.46 - - [27/Apr/2023:06:48:05 +0000] "GET /phpmyadmin/js/vendor/codemirror/addon/runmode/runmode.js?v=5.1.3 HTTP/1.1" 200 2773 "-" "Mozilla/5.0 (Macintosh; Intel Mac OS X 10_15_7) AppleWebKit/537.36 (KHTML, like Gecko) Chrome/112.0.0.0 Safari/537.36"
36.224.204.46 - - [27/Apr/2023:06:48:05 +0000] "GET /phpmyadmin/js/vendor/codemirror/addon/hint/sql-hint.js?v=5.1.3 HTTP/1.1" 200 9604 "-" "Mozilla/5.0 (Macintosh; Intel Mac OS X 10_15_7) AppleWebKit/537.36 (KHTML, like Gecko) Chrome/112.0.0.0 Safari/537.36"
36.224.204.46 - - [27/Apr/2023:06:48:05 +0000] "GET /phpmyadmin/js/vendor/codemirror/addon/lint/lint.js?v=5.1.3 HTTP/1.1" 200 9985 "-" "Mozilla/5.0 (Macintosh; Intel Mac OS X 10_15_7) AppleWebKit/537.36 (KHTML, like Gecko) Chrome/112.0.0.0 Safari/537.36"
36.224.204.46 - - [27/Apr/2023:06:48:05 +0000] "GET /phpmyadmin/js/dist/codemirror/addon/lint/sql-lint.js?v=5.1.3 HTTP/1.1" 200 959 "-" "Mozilla/5.0 (Macintosh; Intel Mac OS X 10_15_7) AppleWebKit/537.36 (KHTML, like Gecko) Chrome/112.0.0.0 Safari/537.36"
36.224.204.46 - - [27/Apr/2023:06:48:05 +0000] "GET /phpmyadmin/js/vendor/tracekit.js?v=5.1.3 HTTP/1.1" 200 47128 "-" "Mozilla/5.0 (Macintosh; Intel Mac OS X 10_15_7) AppleWebKit/537.36 (KHTML, like Gecko) Chrome/112.0.0.0 Safari/537.36"
36.224.204.46 - - [27/Apr/2023:06:48:05 +0000] "GET /phpmyadmin/js/dist/error_report.js?v=5.1.3 HTTP/1.1" 200 9664 "-" "Mozilla/5.0 (Macintosh; Intel Mac OS X 10_15_7) AppleWebKit/537.36 (KHTML, like Gecko) Chrome/112.0.0.0 Safari/537.36"
36.224.204.46 - - [27/Apr/2023:06:48:05 +0000] "GET /phpmyadmin/js/dist/drag_drop_import.js?v=5.1.3 HTTP/1.1" 200 12308 "-" "Mozilla/5.0 (Macintosh; Intel Mac OS X 10_15_7) AppleWebKit/537.36 (KHTML, like Gecko) Chrome/112.0.0.0 Safari/537.36"
36.224.204.46 - - [27/Apr/2023:06:48:05 +0000] "GET /phpmyadmin/js/dist/shortcuts_handler.js?v=5.1.3 HTTP/1.1" 200 3326 "-" "Mozilla/5.0 (Macintosh; Intel Mac OS X 10_15_7) AppleWebKit/537.36 (KHTML, like Gecko) Chrome/112.0.0.0 Safari/537.36"
36.224.204.46 - - [27/Apr/2023:06:48:05 +0000] "GET /phpmyadmin/js/dist/console.js?v=5.1.3 HTTP/1.1" 200 49699 "-" "Mozilla/5.0 (Macintosh; Intel Mac OS X 10_15_7) AppleWebKit/537.36 (KHTML, like Gecko) Chrome/112.0.0.0 Safari/537.36"
36.224.204.46 - - [27/Apr/2023:06:48:05 +0000] "GET /phpmyadmin/themes/pmahomme/img/logo_left.png HTTP/1.1" 200 2713 "-" "Mozilla/5.0 (Macintosh; Intel Mac OS X 10_15_7) AppleWebKit/537.36 (KHTML, like Gecko) Chrome/112.0.0.0 Safari/537.36"
36.224.204.46 - - [27/Apr/2023:06:48:05 +0000] "GET /phpmyadmin/themes/dot.gif HTTP/1.1" 200 43 "-" "Mozilla/5.0 (Macintosh; Intel Mac OS X 10_15_7) AppleWebKit/537.36 (KHTML, like Gecko) Chrome/112.0.0.0 Safari/537.36"
36.224.204.46 - - [27/Apr/2023:06:48:05 +0000] "GET /phpmyadmin/themes/pmahomme/css/printview.css?v=5.1.3 HTTP/1.1" 200 1392 "-" "Mozilla/5.0 (Macintosh; Intel Mac OS X 10_15_7) AppleWebKit/537.36 (KHTML, like Gecko) Chrome/112.0.0.0 Safari/537.36"
36.224.204.46 - - [27/Apr/2023:06:48:05 +0000] "GET /phpmyadmin/themes/pmahomme/img/left_nav_bg.png HTTP/1.1" 200 146 "http://justpma.justfly.idv.tw/phpmyadmin/themes/pmahomme/css/theme.css?v=5.1.3&nocache=1091810933ltr&server=1" "Mozilla/5.0 (Macintosh; Intel Mac OS X 10_15_7) AppleWebKit/537.36 (KHTML, like Gecko) Chrome/112.0.0.0 Safari/537.36"
36.224.204.46 - - [27/Apr/2023:06:48:05 +0000] "GET /phpmyadmin/themes/pmahomme/img/s_loggoff.png HTTP/1.1" 200 626 "http://justpma.justfly.idv.tw/phpmyadmin/themes/pmahomme/css/theme.css?v=5.1.3&nocache=1091810933ltr&server=1" "Mozilla/5.0 (Macintosh; Intel Mac OS X 10_15_7) AppleWebKit/537.36 (KHTML, like Gecko) Chrome/112.0.0.0 Safari/537.36"
36.224.204.46 - - [27/Apr/2023:06:48:05 +0000] "GET /phpmyadmin/themes/pmahomme/img/b_home.png HTTP/1.1" 200 734 "http://justpma.justfly.idv.tw/phpmyadmin/themes/pmahomme/css/theme.css?v=5.1.3&nocache=1091810933ltr&server=1" "Mozilla/5.0 (Macintosh; Intel Mac OS X 10_15_7) AppleWebKit/537.36 (KHTML, like Gecko) Chrome/112.0.0.0 Safari/537.36"
36.224.204.46 - - [27/Apr/2023:06:48:05 +0000] "GET /phpmyadmin/themes/pmahomme/img/b_docs.png HTTP/1.1" 200 705 "http://justpma.justfly.idv.tw/phpmyadmin/themes/pmahomme/css/theme.css?v=5.1.3&nocache=1091810933ltr&server=1" "Mozilla/5.0 (Macintosh; Intel Mac OS X 10_15_7) AppleWebKit/537.36 (KHTML, like Gecko) Chrome/112.0.0.0 Safari/537.36"
36.224.204.46 - - [27/Apr/2023:06:48:05 +0000] "GET /phpmyadmin/themes/pmahomme/img/s_db.png HTTP/1.1" 200 328 "http://justpma.justfly.idv.tw/phpmyadmin/themes/pmahomme/css/theme.css?v=5.1.3&nocache=1091810933ltr&server=1" "Mozilla/5.0 (Macintosh; Intel Mac OS X 10_15_7) AppleWebKit/537.36 (KHTML, like Gecko) Chrome/112.0.0.0 Safari/537.36"
36.224.204.46 - - [27/Apr/2023:06:48:05 +0000] "GET /phpmyadmin/themes/pmahomme/img/b_engine.png HTTP/1.1" 200 398 "http://justpma.justfly.idv.tw/phpmyadmin/themes/pmahomme/css/theme.css?v=5.1.3&nocache=1091810933ltr&server=1" "Mozilla/5.0 (Macintosh; Intel Mac OS X 10_15_7) AppleWebKit/537.36 (KHTML, like Gecko) Chrome/112.0.0.0 Safari/537.36"
36.224.204.46 - - [27/Apr/2023:06:48:05 +0000] "GET /phpmyadmin/themes/pmahomme/img/b_plus.png HTTP/1.1" 200 143 "http://justpma.justfly.idv.tw/phpmyadmin/themes/pmahomme/css/theme.css?v=5.1.3&nocache=1091810933ltr&server=1" "Mozilla/5.0 (Macintosh; Intel Mac OS X 10_15_7) AppleWebKit/537.36 (KHTML, like Gecko) Chrome/112.0.0.0 Safari/537.36"
36.224.204.46 - - [27/Apr/2023:06:48:05 +0000] "GET /phpmyadmin/themes/pmahomme/img/s_vars.png HTTP/1.1" 200 523 "http://justpma.justfly.idv.tw/phpmyadmin/themes/pmahomme/css/theme.css?v=5.1.3&nocache=1091810933ltr&server=1" "Mozilla/5.0 (Macintosh; Intel Mac OS X 10_15_7) AppleWebKit/537.36 (KHTML, like Gecko) Chrome/112.0.0.0 Safari/537.36"
36.224.204.46 - - [27/Apr/2023:06:48:05 +0000] "GET /phpmyadmin/themes/pmahomme/img/b_help.png HTTP/1.1" 200 705 "http://justpma.justfly.idv.tw/phpmyadmin/themes/pmahomme/css/theme.css?v=5.1.3&nocache=1091810933ltr&server=1" "Mozilla/5.0 (Macintosh; Intel Mac OS X 10_15_7) AppleWebKit/537.36 (KHTML, like Gecko) Chrome/112.0.0.0 Safari/537.36"
36.224.204.46 - - [27/Apr/2023:06:48:05 +0000] "GET /phpmyadmin/themes/pmahomme/img/s_asci.png HTTP/1.1" 200 148 "http://justpma.justfly.idv.tw/phpmyadmin/themes/pmahomme/css/theme.css?v=5.1.3&nocache=1091810933ltr&server=1" "Mozilla/5.0 (Macintosh; Intel Mac OS X 10_15_7) AppleWebKit/537.36 (KHTML, like Gecko) Chrome/112.0.0.0 Safari/537.36"
36.224.204.46 - - [27/Apr/2023:06:48:05 +0000] "GET /phpmyadmin/themes/pmahomme/img/s_status.png HTTP/1.1" 200 600 "http://justpma.justfly.idv.tw/phpmyadmin/themes/pmahomme/css/theme.css?v=5.1.3&nocache=1091810933ltr&server=1" "Mozilla/5.0 (Macintosh; Intel Mac OS X 10_15_7) AppleWebKit/537.36 (KHTML, like Gecko) Chrome/112.0.0.0 Safari/537.36"
36.224.204.46 - - [27/Apr/2023:06:48:05 +0000] "GET /phpmyadmin/themes/pmahomme/img/s_cog.png HTTP/1.1" 200 442 "http://justpma.justfly.idv.tw/phpmyadmin/themes/pmahomme/css/theme.css?v=5.1.3&nocache=1091810933ltr&server=1" "Mozilla/5.0 (Macintosh; Intel Mac OS X 10_15_7) AppleWebKit/537.36 (KHTML, like Gecko) Chrome/112.0.0.0 Safari/537.36"
36.224.204.46 - - [27/Apr/2023:06:48:05 +0000] "GET /phpmyadmin/themes/pmahomme/img/b_export.png HTTP/1.1" 200 514 "http://justpma.justfly.idv.tw/phpmyadmin/themes/pmahomme/css/theme.css?v=5.1.3&nocache=1091810933ltr&server=1" "Mozilla/5.0 (Macintosh; Intel Mac OS X 10_15_7) AppleWebKit/537.36 (KHTML, like Gecko) Chrome/112.0.0.0 Safari/537.36"
36.224.204.46 - - [27/Apr/2023:06:48:05 +0000] "GET /phpmyadmin/themes/pmahomme/img/b_plugin.png HTTP/1.1" 200 512 "http://justpma.justfly.idv.tw/phpmyadmin/themes/pmahomme/css/theme.css?v=5.1.3&nocache=1091810933ltr&server=1" "Mozilla/5.0 (Macintosh; Intel Mac OS X 10_15_7) AppleWebKit/537.36 (KHTML, like Gecko) Chrome/112.0.0.0 Safari/537.36"
36.224.204.46 - - [27/Apr/2023:06:48:05 +0000] "GET /phpmyadmin/themes/pmahomme/img/b_tblops.png HTTP/1.1" 200 537 "http://justpma.justfly.idv.tw/phpmyadmin/themes/pmahomme/css/theme.css?v=5.1.3&nocache=1091810933ltr&server=1" "Mozilla/5.0 (Macintosh; Intel Mac OS X 10_15_7) AppleWebKit/537.36 (KHTML, like Gecko) Chrome/112.0.0.0 Safari/537.36"
36.224.204.46 - - [27/Apr/2023:06:48:05 +0000] "GET /phpmyadmin/themes/pmahomme/img/window-new.png HTTP/1.1" 200 468 "http://justpma.justfly.idv.tw/phpmyadmin/themes/pmahomme/css/theme.css?v=5.1.3&nocache=1091810933ltr&server=1" "Mozilla/5.0 (Macintosh; Intel Mac OS X 10_15_7) AppleWebKit/537.36 (KHTML, like Gecko) Chrome/112.0.0.0 Safari/537.36"
36.224.204.46 - - [27/Apr/2023:06:48:05 +0000] "GET /phpmyadmin/themes/pmahomme/img/s_link.png HTTP/1.1" 200 280 "http://justpma.justfly.idv.tw/phpmyadmin/themes/pmahomme/css/theme.css?v=5.1.3&nocache=1091810933ltr&server=1" "Mozilla/5.0 (Macintosh; Intel Mac OS X 10_15_7) AppleWebKit/537.36 (KHTML, like Gecko) Chrome/112.0.0.0 Safari/537.36"
36.224.204.46 - - [27/Apr/2023:06:48:05 +0000] "GET /phpmyadmin/themes/pmahomme/img/s_top.png HTTP/1.1" 200 220 "http://justpma.justfly.idv.tw/phpmyadmin/themes/pmahomme/css/theme.css?v=5.1.3&nocache=1091810933ltr&server=1" "Mozilla/5.0 (Macintosh; Intel Mac OS X 10_15_7) AppleWebKit/537.36 (KHTML, like Gecko) Chrome/112.0.0.0 Safari/537.36"
36.224.204.46 - - [27/Apr/2023:06:48:05 +0000] "GET /phpmyadmin/themes/pmahomme/img/b_newdb.png HTTP/1.1" 200 585 "http://justpma.justfly.idv.tw/phpmyadmin/themes/pmahomme/css/theme.css?v=5.1.3&nocache=1091810933ltr&server=1" "Mozilla/5.0 (Macintosh; Intel Mac OS X 10_15_7) AppleWebKit/537.36 (KHTML, like Gecko) Chrome/112.0.0.0 Safari/537.36"
36.224.204.46 - - [27/Apr/2023:06:48:05 +0000] "GET /phpmyadmin/themes/pmahomme/img/s_rights.png HTTP/1.1" 200 461 "http://justpma.justfly.idv.tw/phpmyadmin/themes/pmahomme/css/theme.css?v=5.1.3&nocache=1091810933ltr&server=1" "Mozilla/5.0 (Macintosh; Intel Mac OS X 10_15_7) AppleWebKit/537.36 (KHTML, like Gecko) Chrome/112.0.0.0 Safari/537.36"
36.224.204.46 - - [27/Apr/2023:06:48:05 +0000] "GET /phpmyadmin/themes/pmahomme/img/s_replication.png HTTP/1.1" 200 399 "http://justpma.justfly.idv.tw/phpmyadmin/themes/pmahomme/css/theme.css?v=5.1.3&nocache=1091810933ltr&server=1" "Mozilla/5.0 (Macintosh; Intel Mac OS X 10_15_7) AppleWebKit/537.36 (KHTML, like Gecko) Chrome/112.0.0.0 Safari/537.36"
36.224.204.46 - - [27/Apr/2023:06:48:05 +0000] "GET /phpmyadmin/themes/pmahomme/img/s_reload.png HTTP/1.1" 200 527 "http://justpma.justfly.idv.tw/phpmyadmin/themes/pmahomme/css/theme.css?v=5.1.3&nocache=1091810933ltr&server=1" "Mozilla/5.0 (Macintosh; Intel Mac OS X 10_15_7) AppleWebKit/537.36 (KHTML, like Gecko) Chrome/112.0.0.0 Safari/537.36"
36.224.204.46 - - [27/Apr/2023:06:48:05 +0000] "GET /phpmyadmin/themes/pmahomme/img/b_sqlhelp.png HTTP/1.1" 200 512 "http://justpma.justfly.idv.tw/phpmyadmin/themes/pmahomme/css/theme.css?v=5.1.3&nocache=1091810933ltr&server=1" "Mozilla/5.0 (Macintosh; Intel Mac OS X 10_15_7) AppleWebKit/537.36 (KHTML, like Gecko) Chrome/112.0.0.0 Safari/537.36"
36.224.204.46 - - [27/Apr/2023:06:48:05 +0000] "GET /phpmyadmin/themes/pmahomme/img/s_host.png HTTP/1.1" 200 591 "http://justpma.justfly.idv.tw/phpmyadmin/themes/pmahomme/css/theme.css?v=5.1.3&nocache=1091810933ltr&server=1" "Mozilla/5.0 (Macintosh; Intel Mac OS X 10_15_7) AppleWebKit/537.36 (KHTML, like Gecko) Chrome/112.0.0.0 Safari/537.36"
36.224.204.46 - - [27/Apr/2023:06:48:05 +0000] "GET /phpmyadmin/themes/pmahomme/img/b_import.png HTTP/1.1" 200 556 "http://justpma.justfly.idv.tw/phpmyadmin/themes/pmahomme/css/theme.css?v=5.1.3&nocache=1091810933ltr&server=1" "Mozilla/5.0 (Macintosh; Intel Mac OS X 10_15_7) AppleWebKit/537.36 (KHTML, like Gecko) Chrome/112.0.0.0 Safari/537.36"
36.224.204.46 - - [27/Apr/2023:06:48:05 +0000] "GET /phpmyadmin/themes/pmahomme/img/b_sql.png HTTP/1.1" 200 680 "http://justpma.justfly.idv.tw/phpmyadmin/themes/pmahomme/css/theme.css?v=5.1.3&nocache=1091810933ltr&server=1" "Mozilla/5.0 (Macintosh; Intel Mac OS X 10_15_7) AppleWebKit/537.36 (KHTML, like Gecko) Chrome/112.0.0.0 Safari/537.36"
36.224.204.46 - - [27/Apr/2023:06:48:05 +0000] "GET /phpmyadmin/themes/pmahomme/img/console.png HTTP/1.1" 200 292 "http://justpma.justfly.idv.tw/phpmyadmin/themes/pmahomme/css/theme.css?v=5.1.3&nocache=1091810933ltr&server=1" "Mozilla/5.0 (Macintosh; Intel Mac OS X 10_15_7) AppleWebKit/537.36 (KHTML, like Gecko) Chrome/112.0.0.0 Safari/537.36"
36.224.204.46 - - [27/Apr/2023:06:48:05 +0000] "GET /phpmyadmin/favicon.ico HTTP/1.1" 200 22486 "-" "Mozilla/5.0 (Macintosh; Intel Mac OS X 10_15_7) AppleWebKit/537.36 (KHTML, like Gecko) Chrome/112.0.0.0 Safari/537.36"
36.224.204.46 - - [27/Apr/2023:06:48:05 +0000] "POST /phpmyadmin/index.php?route=/config/get HTTP/1.1" 200 1630 "-" "Mozilla/5.0 (Macintosh; Intel Mac OS X 10_15_7) AppleWebKit/537.36 (KHTML, like Gecko) Chrome/112.0.0.0 Safari/537.36"
36.224.204.46 - - [27/Apr/2023:06:48:05 +0000] "POST /phpmyadmin/index.php?route=/navigation&ajax_request=1 HTTP/1.1" 200 2487 "-" "Mozilla/5.0 (Macintosh; Intel Mac OS X 10_15_7) AppleWebKit/537.36 (KHTML, like Gecko) Chrome/112.0.0.0 Safari/537.36"
36.224.204.46 - - [27/Apr/2023:06:48:05 +0000] "POST /phpmyadmin/index.php?route=/config/get HTTP/1.1" 200 1720 "-" "Mozilla/5.0 (Macintosh; Intel Mac OS X 10_15_7) AppleWebKit/537.36 (KHTML, like Gecko) Chrome/112.0.0.0 Safari/537.36"
36.224.204.46 - - [27/Apr/2023:06:48:05 +0000] "POST /phpmyadmin/index.php?route=/config/set HTTP/1.1" 200 1621 "-" "Mozilla/5.0 (Macintosh; Intel Mac OS X 10_15_7) AppleWebKit/537.36 (KHTML, like Gecko) Chrome/112.0.0.0 Safari/537.36"
::1 - - [27/Apr/2023:06:48:13 +0000] "OPTIONS * HTTP/1.0" 200 - "-" "Apache/2.4.56 () (internal dummy connection)"
36.224.204.46 - - [27/Apr/2023:06:50:22 +0000] "-" 408 - "-" "-"
193.32.162.159 - - [27/Apr/2023:06:59:43 +0000] "GET / HTTP/1.1" 403 3630 "-" "Mozilla/5.0 (Windows NT 10.0; Win64; x64) AppleWebKit/537.36 (KHTML, like Gecko) Chrome/90.0.4430.85 Safari/537.36 Edg/90.0.818.46"
193.32.162.159 - - [27/Apr/2023:06:59:49 +0000] "GET /dispatch.asp HTTP/1.1" 404 196 "-" "Mozilla/5.0 (Windows NT 10.0; Win64; x64) AppleWebKit/537.36 (KHTML, like Gecko) Chrome/90.0.4430.85 Safari/537.36 Edg/90.0.818.46"
::1 - - [27/Apr/2023:07:08:31 +0000] "OPTIONS * HTTP/1.0" 200 - "-" "Apache/2.4.56 () (internal dummy connection)"
::1 - - [27/Apr/2023:07:08:32 +0000] "OPTIONS * HTTP/1.0" 200 - "-" "Apache/2.4.56 () (internal dummy connection)"
::1 - - [27/Apr/2023:07:08:33 +0000] "OPTIONS * HTTP/1.0" 200 - "-" "Apache/2.4.56 () (internal dummy connection)"
::1 - - [27/Apr/2023:07:08:34 +0000] "OPTIONS * HTTP/1.0" 200 - "-" "Apache/2.4.56 () (internal dummy connection)"
::1 - - [27/Apr/2023:07:08:35 +0000] "OPTIONS * HTTP/1.0" 200 - "-" "Apache/2.4.56 () (internal dummy connection)"
::1 - - [27/Apr/2023:07:08:36 +0000] "OPTIONS * HTTP/1.0" 200 - "-" "Apache/2.4.56 () (internal dummy connection)"
::1 - - [27/Apr/2023:07:08:37 +0000] "OPTIONS * HTTP/1.0" 200 - "-" "Apache/2.4.56 () (internal dummy connection)"
::1 - - [27/Apr/2023:07:08:38 +0000] "OPTIONS * HTTP/1.0" 200 - "-" "Apache/2.4.56 () (internal dummy connection)"
::1 - - [27/Apr/2023:07:08:39 +0000] "OPTIONS * HTTP/1.0" 200 - "-" "Apache/2.4.56 () (internal dummy connection)"
::1 - - [27/Apr/2023:07:08:40 +0000] "OPTIONS * HTTP/1.0" 200 - "-" "Apache/2.4.56 () (internal dummy connection)"
::1 - - [27/Apr/2023:07:08:41 +0000] "OPTIONS * HTTP/1.0" 200 - "-" "Apache/2.4.56 () (internal dummy connection)"
::1 - - [27/Apr/2023:07:08:42 +0000] "OPTIONS * HTTP/1.0" 200 - "-" "Apache/2.4.56 () (internal dummy connection)"
::1 - - [27/Apr/2023:07:08:43 +0000] "OPTIONS * HTTP/1.0" 200 - "-" "Apache/2.4.56 () (internal dummy connection)"
::1 - - [27/Apr/2023:07:08:44 +0000] "OPTIONS * HTTP/1.0" 200 - "-" "Apache/2.4.56 () (internal dummy connection)"
::1 - - [27/Apr/2023:07:08:45 +0000] "OPTIONS * HTTP/1.0" 200 - "-" "Apache/2.4.56 () (internal dummy connection)"
::1 - - [27/Apr/2023:07:08:46 +0000] "OPTIONS * HTTP/1.0" 200 - "-" "Apache/2.4.56 () (internal dummy connection)"
::1 - - [27/Apr/2023:07:08:47 +0000] "OPTIONS * HTTP/1.0" 200 - "-" "Apache/2.4.56 () (internal dummy connection)"
::1 - - [27/Apr/2023:07:08:48 +0000] "OPTIONS * HTTP/1.0" 200 - "-" "Apache/2.4.56 () (internal dummy connection)"
::1 - - [27/Apr/2023:07:08:49 +0000] "OPTIONS * HTTP/1.0" 200 - "-" "Apache/2.4.56 () (internal dummy connection)"
::1 - - [27/Apr/2023:07:08:50 +0000] "OPTIONS * HTTP/1.0" 200 - "-" "Apache/2.4.56 () (internal dummy connection)"
::1 - - [27/Apr/2023:07:08:51 +0000] "OPTIONS * HTTP/1.0" 200 - "-" "Apache/2.4.56 () (internal dummy connection)"
::1 - - [27/Apr/2023:07:08:52 +0000] "OPTIONS * HTTP/1.0" 200 - "-" "Apache/2.4.56 () (internal dummy connection)"
::1 - - [27/Apr/2023:07:08:53 +0000] "OPTIONS * HTTP/1.0" 200 - "-" "Apache/2.4.56 () (internal dummy connection)"
::1 - - [27/Apr/2023:07:08:54 +0000] "OPTIONS * HTTP/1.0" 200 - "-" "Apache/2.4.56 () (internal dummy connection)"
::1 - - [27/Apr/2023:07:08:55 +0000] "OPTIONS * HTTP/1.0" 200 - "-" "Apache/2.4.56 () (internal dummy connection)"
::1 - - [27/Apr/2023:07:08:56 +0000] "OPTIONS * HTTP/1.0" 200 - "-" "Apache/2.4.56 () (internal dummy connection)"
::1 - - [27/Apr/2023:07:08:57 +0000] "OPTIONS * HTTP/1.0" 200 - "-" "Apache/2.4.56 () (internal dummy connection)"
::1 - - [27/Apr/2023:07:08:58 +0000] "OPTIONS * HTTP/1.0" 200 - "-" "Apache/2.4.56 () (internal dummy connection)"
::1 - - [27/Apr/2023:07:08:59 +0000] "OPTIONS * HTTP/1.0" 200 - "-" "Apache/2.4.56 () (internal dummy connection)"
::1 - - [27/Apr/2023:07:09:00 +0000] "OPTIONS * HTTP/1.0" 200 - "-" "Apache/2.4.56 () (internal dummy connection)"
::1 - - [27/Apr/2023:07:09:01 +0000] "OPTIONS * HTTP/1.0" 200 - "-" "Apache/2.4.56 () (internal dummy connection)"
::1 - - [27/Apr/2023:07:09:02 +0000] "OPTIONS * HTTP/1.0" 200 - "-" "Apache/2.4.56 () (internal dummy connection)"
::1 - - [27/Apr/2023:07:09:03 +0000] "OPTIONS * HTTP/1.0" 200 - "-" "Apache/2.4.56 () (internal dummy connection)"
::1 - - [27/Apr/2023:07:09:04 +0000] "OPTIONS * HTTP/1.0" 200 - "-" "Apache/2.4.56 () (internal dummy connection)"
::1 - - [27/Apr/2023:07:09:05 +0000] "OPTIONS * HTTP/1.0" 200 - "-" "Apache/2.4.56 () (internal dummy connection)"
::1 - - [27/Apr/2023:07:09:06 +0000] "OPTIONS * HTTP/1.0" 200 - "-" "Apache/2.4.56 () (internal dummy connection)"
::1 - - [27/Apr/2023:07:09:07 +0000] "OPTIONS * HTTP/1.0" 200 - "-" "Apache/2.4.56 () (internal dummy connection)"
::1 - - [27/Apr/2023:07:09:08 +0000] "OPTIONS * HTTP/1.0" 200 - "-" "Apache/2.4.56 () (internal dummy connection)"
::1 - - [27/Apr/2023:07:09:09 +0000] "OPTIONS * HTTP/1.0" 200 - "-" "Apache/2.4.56 () (internal dummy connection)"
::1 - - [27/Apr/2023:07:09:10 +0000] "OPTIONS * HTTP/1.0" 200 - "-" "Apache/2.4.56 () (internal dummy connection)"
::1 - - [27/Apr/2023:07:09:11 +0000] "OPTIONS * HTTP/1.0" 200 - "-" "Apache/2.4.56 () (internal dummy connection)"
::1 - - [27/Apr/2023:07:09:12 +0000] "OPTIONS * HTTP/1.0" 200 - "-" "Apache/2.4.56 () (internal dummy connection)"
::1 - - [27/Apr/2023:07:09:13 +0000] "OPTIONS * HTTP/1.0" 200 - "-" "Apache/2.4.56 () (internal dummy connection)"
::1 - - [27/Apr/2023:07:09:14 +0000] "OPTIONS * HTTP/1.0" 200 - "-" "Apache/2.4.56 () (internal dummy connection)"
::1 - - [27/Apr/2023:07:09:15 +0000] "OPTIONS * HTTP/1.0" 200 - "-" "Apache/2.4.56 () (internal dummy connection)"
::1 - - [27/Apr/2023:07:09:16 +0000] "OPTIONS * HTTP/1.0" 200 - "-" "Apache/2.4.56 () (internal dummy connection)"
::1 - - [27/Apr/2023:07:09:17 +0000] "OPTIONS * HTTP/1.0" 200 - "-" "Apache/2.4.56 () (internal dummy connection)"
::1 - - [27/Apr/2023:07:09:18 +0000] "OPTIONS * HTTP/1.0" 200 - "-" "Apache/2.4.56 () (internal dummy connection)"
::1 - - [27/Apr/2023:07:09:19 +0000] "OPTIONS * HTTP/1.0" 200 - "-" "Apache/2.4.56 () (internal dummy connection)"
::1 - - [27/Apr/2023:07:09:20 +0000] "OPTIONS * HTTP/1.0" 200 - "-" "Apache/2.4.56 () (internal dummy connection)"
::1 - - [27/Apr/2023:07:09:21 +0000] "OPTIONS * HTTP/1.0" 200 - "-" "Apache/2.4.56 () (internal dummy connection)"
::1 - - [27/Apr/2023:07:09:22 +0000] "OPTIONS * HTTP/1.0" 200 - "-" "Apache/2.4.56 () (internal dummy connection)"
::1 - - [27/Apr/2023:07:09:23 +0000] "OPTIONS * HTTP/1.0" 200 - "-" "Apache/2.4.56 () (internal dummy connection)"
::1 - - [27/Apr/2023:07:09:24 +0000] "OPTIONS * HTTP/1.0" 200 - "-" "Apache/2.4.56 () (internal dummy connection)"
::1 - - [27/Apr/2023:07:09:25 +0000] "OPTIONS * HTTP/1.0" 200 - "-" "Apache/2.4.56 () (internal dummy connection)"
::1 - - [27/Apr/2023:07:09:26 +0000] "OPTIONS * HTTP/1.0" 200 - "-" "Apache/2.4.56 () (internal dummy connection)"
::1 - - [27/Apr/2023:07:09:27 +0000] "OPTIONS * HTTP/1.0" 200 - "-" "Apache/2.4.56 () (internal dummy connection)"
::1 - - [27/Apr/2023:07:09:28 +0000] "OPTIONS * HTTP/1.0" 200 - "-" "Apache/2.4.56 () (internal dummy connection)"
::1 - - [27/Apr/2023:07:09:29 +0000] "OPTIONS * HTTP/1.0" 200 - "-" "Apache/2.4.56 () (internal dummy connection)"
::1 - - [27/Apr/2023:07:09:30 +0000] "OPTIONS * HTTP/1.0" 200 - "-" "Apache/2.4.56 () (internal dummy connection)"
::1 - - [27/Apr/2023:07:09:31 +0000] "OPTIONS * HTTP/1.0" 200 - "-" "Apache/2.4.56 () (internal dummy connection)"
::1 - - [27/Apr/2023:07:09:32 +0000] "OPTIONS * HTTP/1.0" 200 - "-" "Apache/2.4.56 () (internal dummy connection)"
::1 - - [27/Apr/2023:07:09:33 +0000] "OPTIONS * HTTP/1.0" 200 - "-" "Apache/2.4.56 () (internal dummy connection)"
64.62.197.10 - - [27/Apr/2023:07:14:27 +0000] "GET / HTTP/1.1" 403 3630 "-" "Mozilla/5.0 (Windows NT 10.0; Win64; x64) AppleWebKit/537.36 (KHTML, like Gecko) Chrome/107.0.0.0 Safari/537.36"
43.154.128.189 - - [27/Apr/2023:07:15:04 +0000] "HEAD /Core/Skin/Login.aspx HTTP/1.1" 404 - "-" "Mozilla/5.0 (Windows NT 10.0; Win64; x64) AppleWebKit/537.36 (KHTML, like Gecko) Chrome/106.0.0.0 Safari/537.36"
64.62.197.12 - - [27/Apr/2023:07:17:07 +0000] "GET /geoserver/web/ HTTP/1.1" 404 196 "-" "Mozilla/5.0 (Windows NT 10.0; Win64; x64) AppleWebKit/537.36 (KHTML, like Gecko) Chrome/107.0.0.0 Safari/537.36"
104.192.0.50 - - [27/Apr/2023:07:21:46 +0000] "GET /fapi/v1/trades?symbol=btcusdt&limit=1 HTTP/1.1" 404 196 "-" "Go-http-client/1.1"
104.192.0.50 - - [27/Apr/2023:07:33:58 +0000] "GET /fapi/v1/trades?symbol=btcusdt&limit=1 HTTP/1.1" 404 196 "-" "Go-http-client/1.1"
104.192.0.50 - - [27/Apr/2023:07:47:39 +0000] "GET /fapi/v1/trades?symbol=btcusdt&limit=1 HTTP/1.1" 404 196 "-" "Go-http-client/1.1"
85.217.145.45 - - [27/Apr/2023:07:55:37 +0000] "GET / HTTP/1.1" 403 3630 "-" "Go-http-client/1.1"
135.125.246.189 - - [27/Apr/2023:08:04:23 +0000] "GET /.env HTTP/1.1" 404 196 "-" "Mozilla/5.0 (X11; Linux x86_64) AppleWebKit/537.36 (KHTML, like Gecko) Chrome/81.0.4044.129 Safari/537.36"
135.125.246.189 - - [27/Apr/2023:08:04:24 +0000] "POST / HTTP/1.1" 404 196 "-" "Mozilla/5.0 (X11; Linux x86_64) AppleWebKit/537.36 (KHTML, like Gecko) Chrome/81.0.4044.129 Safari/537.36"
185.224.128.219 - - [27/Apr/2023:08:04:54 +0000] "" 400 226 "-" "-"
198.199.116.78 - - [27/Apr/2023:08:10:35 +0000] "GET / HTTP/1.1" 403 3630 "-" "Mozilla/5.0 zgrab/0.x"
43.154.128.189 - - [27/Apr/2023:08:35:01 +0000] "HEAD /Core/Skin/Login.aspx HTTP/1.1" 404 - "-" "Mozilla/5.0 (Windows NT 10.0; Win64; x64) AppleWebKit/537.36 (KHTML, like Gecko) Chrome/106.0.0.0 Safari/537.36"
139.162.84.205 - - [27/Apr/2023:08:41:41 +0000] "GET / HTTP/1.0" 403 3630 "-" "Mozilla/5.0 (X11; Linux x86_64) AppleWebKit/537.36 (KHTML, like Gecko) Chrome/109.0.0.0 Safari/537.36"
193.32.162.159 - - [27/Apr/2023:08:44:43 +0000] "GET / HTTP/1.1" 403 3630 "-" "Mozilla/5.0 (Windows NT 10.0; Win64; x64) AppleWebKit/537.36 (KHTML, like Gecko) Chrome/90.0.4430.85 Safari/537.36 Edg/90.0.818.46"
193.32.162.159 - - [27/Apr/2023:08:44:48 +0000] "GET /dispatch.asp HTTP/1.1" 404 196 "-" "Mozilla/5.0 (Windows NT 10.0; Win64; x64) AppleWebKit/537.36 (KHTML, like Gecko) Chrome/90.0.4430.85 Safari/537.36 Edg/90.0.818.46"
192.155.90.220 - - [27/Apr/2023:09:03:18 +0000] "\x16\x03\x01" 400 226 "-" "-"
135.125.246.189 - - [27/Apr/2023:09:12:13 +0000] "GET /.env HTTP/1.1" 404 196 "-" "Mozilla/5.0 (X11; Linux x86_64) AppleWebKit/537.36 (KHTML, like Gecko) Chrome/81.0.4044.129 Safari/537.36"
135.125.246.189 - - [27/Apr/2023:09:12:13 +0000] "POST / HTTP/1.1" 404 196 "-" "Mozilla/5.0 (X11; Linux x86_64) AppleWebKit/537.36 (KHTML, like Gecko) Chrome/81.0.4044.129 Safari/537.36"
::1 - - [27/Apr/2023:09:33:25 +0000] "OPTIONS * HTTP/1.0" 200 - "-" "Apache/2.4.56 () (internal dummy connection)"
::1 - - [27/Apr/2023:09:33:26 +0000] "OPTIONS * HTTP/1.0" 200 - "-" "Apache/2.4.56 () (internal dummy connection)"
::1 - - [27/Apr/2023:09:33:27 +0000] "OPTIONS * HTTP/1.0" 200 - "-" "Apache/2.4.56 () (internal dummy connection)"
::1 - - [27/Apr/2023:09:33:28 +0000] "OPTIONS * HTTP/1.0" 200 - "-" "Apache/2.4.56 () (internal dummy connection)"
::1 - - [27/Apr/2023:09:33:29 +0000] "OPTIONS * HTTP/1.0" 200 - "-" "Apache/2.4.56 () (internal dummy connection)"
::1 - - [27/Apr/2023:09:33:30 +0000] "OPTIONS * HTTP/1.0" 200 - "-" "Apache/2.4.56 () (internal dummy connection)"
::1 - - [27/Apr/2023:09:33:31 +0000] "OPTIONS * HTTP/1.0" 200 - "-" "Apache/2.4.56 () (internal dummy connection)"
::1 - - [27/Apr/2023:09:33:32 +0000] "OPTIONS * HTTP/1.0" 200 - "-" "Apache/2.4.56 () (internal dummy connection)"
::1 - - [27/Apr/2023:09:33:33 +0000] "OPTIONS * HTTP/1.0" 200 - "-" "Apache/2.4.56 () (internal dummy connection)"
::1 - - [27/Apr/2023:09:33:34 +0000] "OPTIONS * HTTP/1.0" 200 - "-" "Apache/2.4.56 () (internal dummy connection)"
::1 - - [27/Apr/2023:09:33:35 +0000] "OPTIONS * HTTP/1.0" 200 - "-" "Apache/2.4.56 () (internal dummy connection)"
::1 - - [27/Apr/2023:09:33:36 +0000] "OPTIONS * HTTP/1.0" 200 - "-" "Apache/2.4.56 () (internal dummy connection)"
::1 - - [27/Apr/2023:09:33:37 +0000] "OPTIONS * HTTP/1.0" 200 - "-" "Apache/2.4.56 () (internal dummy connection)"
::1 - - [27/Apr/2023:09:33:38 +0000] "OPTIONS * HTTP/1.0" 200 - "-" "Apache/2.4.56 () (internal dummy connection)"
::1 - - [27/Apr/2023:09:33:39 +0000] "OPTIONS * HTTP/1.0" 200 - "-" "Apache/2.4.56 () (internal dummy connection)"
193.32.162.159 - - [27/Apr/2023:09:40:12 +0000] "GET / HTTP/1.1" 403 3630 "-" "Mozilla/5.0 (Windows NT 10.0; Win64; x64) AppleWebKit/537.36 (KHTML, like Gecko) Chrome/90.0.4430.85 Safari/537.36 Edg/90.0.818.46"
193.32.162.159 - - [27/Apr/2023:09:40:17 +0000] "GET /dispatch.asp HTTP/1.1" 404 196 "-" "Mozilla/5.0 (Windows NT 10.0; Win64; x64) AppleWebKit/537.36 (KHTML, like Gecko) Chrome/90.0.4430.85 Safari/537.36 Edg/90.0.818.46"
174.138.48.243 - - [27/Apr/2023:09:43:10 +0000] "GET / HTTP/1.0" 403 3630 "-" "Mozilla/5.0 (X11; Linux x86_64; rv:73.0) Gecko/20100101 Firefox/73.0"
43.154.128.189 - - [27/Apr/2023:09:54:27 +0000] "HEAD /Core/Skin/Login.aspx HTTP/1.1" 404 - "-" "Mozilla/5.0 (Windows NT 10.0; Win64; x64) AppleWebKit/537.36 (KHTML, like Gecko) Chrome/106.0.0.0 Safari/537.36"
174.138.48.243 - - [27/Apr/2023:10:15:29 +0000] "GET / HTTP/1.1" 403 3630 "-" "Mozilla/5.0 (X11; Linux x86_64; rv:73.0) Gecko/20100101 Firefox/73.0"
174.138.48.243 - - [27/Apr/2023:10:15:29 +0000] "GET /favicon.ico HTTP/1.1" 404 196 "http://35.78.70.104/" "Mozilla/5.0 (X11; Linux x86_64; rv:73.0) Gecko/20100101 Firefox/73.0"
45.56.108.128 - - [27/Apr/2023:10:27:48 +0000] "GET /systembc/password.php HTTP/1.0" 404 196 "-" "Mozilla/5.0 (Macintosh; Intel Mac OS X 10_15_7) AppleWebKit/537.36 (KHTML, like Gecko) Chrome/107.0.0.0 Safari/537.36"
95.169.26.232 - - [27/Apr/2023:10:48:39 +0000] "GET / HTTP/1.0" 403 3630 "-" "Mozilla/5.0 (Windows; U; MSIE 9.0; Windows NT 9.0; en-US)"
103.56.61.144 - - [27/Apr/2023:10:52:44 +0000] "-" 408 - "-" "-"
167.248.133.35 - - [27/Apr/2023:10:55:09 +0000] "GET / HTTP/1.1" 403 3630 "-" "-"
167.248.133.35 - - [27/Apr/2023:10:55:09 +0000] "GET / HTTP/1.1" 403 3630 "-" "Mozilla/5.0 (compatible; CensysInspect/1.1; +https://about.censys.io/)"
45.79.181.104 - - [27/Apr/2023:11:04:41 +0000] "\x16\x03\x01" 400 226 "-" "-"
135.125.246.189 - - [27/Apr/2023:11:12:24 +0000] "GET /.env HTTP/1.1" 404 196 "-" "Mozilla/5.0 (X11; Linux x86_64) AppleWebKit/537.36 (KHTML, like Gecko) Chrome/81.0.4044.129 Safari/537.36"
135.125.246.189 - - [27/Apr/2023:11:12:24 +0000] "POST / HTTP/1.1" 404 196 "-" "Mozilla/5.0 (X11; Linux x86_64) AppleWebKit/537.36 (KHTML, like Gecko) Chrome/81.0.4044.129 Safari/537.36"
43.154.128.189 - - [27/Apr/2023:11:13:27 +0000] "HEAD /Core/Skin/Login.aspx HTTP/1.1" 404 - "-" "Mozilla/5.0 (Windows NT 10.0; Win64; x64) AppleWebKit/537.36 (KHTML, like Gecko) Chrome/106.0.0.0 Safari/537.36"
193.32.162.159 - - [27/Apr/2023:11:53:26 +0000] "GET / HTTP/1.1" 403 3630 "-" "Mozilla/5.0 (Windows NT 10.0; Win64; x64) AppleWebKit/537.36 (KHTML, like Gecko) Chrome/90.0.4430.85 Safari/537.36 Edg/90.0.818.46"
193.32.162.159 - - [27/Apr/2023:11:53:31 +0000] "GET /dispatch.asp HTTP/1.1" 404 196 "-" "Mozilla/5.0 (Windows NT 10.0; Win64; x64) AppleWebKit/537.36 (KHTML, like Gecko) Chrome/90.0.4430.85 Safari/537.36 Edg/90.0.818.46"
151.235.244.234 - - [27/Apr/2023:11:54:08 +0000] "GET / HTTP/1.1" 403 3630 "-" "Mozilla/5.0 (Windows NT 6.1; WOW64) AppleWebKit/537.36 (KHTML, like Gecko) Chrome/52.0.2743.116 Safari/537.36"
135.125.246.189 - - [27/Apr/2023:12:15:21 +0000] "GET /.env HTTP/1.1" 404 196 "-" "Mozilla/5.0 (X11; Linux x86_64) AppleWebKit/537.36 (KHTML, like Gecko) Chrome/81.0.4044.129 Safari/537.36"
135.125.246.189 - - [27/Apr/2023:12:15:21 +0000] "POST / HTTP/1.1" 404 196 "-" "Mozilla/5.0 (X11; Linux x86_64) AppleWebKit/537.36 (KHTML, like Gecko) Chrome/81.0.4044.129 Safari/537.36"
43.154.128.189 - - [27/Apr/2023:12:32:22 +0000] "HEAD /Core/Skin/Login.aspx HTTP/1.1" 404 - "-" "Mozilla/5.0 (Windows NT 10.0; Win64; x64) AppleWebKit/537.36 (KHTML, like Gecko) Chrome/106.0.0.0 Safari/537.36"
139.162.84.205 - - [27/Apr/2023:12:42:19 +0000] "GET / HTTP/1.0" 403 3630 "-" "Mozilla/5.0 (X11; Linux x86_64) AppleWebKit/537.36 (KHTML, like Gecko) Chrome/109.0.0.0 Safari/537.36"
79.124.59.170 - - [27/Apr/2023:13:06:29 +0000] "GET / HTTP/1.0" 403 3630 "-" "masscan/1.3 (https://github.com/robertdavidgraham/masscan)"
43.154.128.189 - - [27/Apr/2023:13:53:01 +0000] "HEAD /Core/Skin/Login.aspx HTTP/1.1" 404 - "-" "Mozilla/5.0 (Windows NT 10.0; Win64; x64) AppleWebKit/537.36 (KHTML, like Gecko) Chrome/106.0.0.0 Safari/537.36"
135.125.246.189 - - [27/Apr/2023:14:06:51 +0000] "GET /.env HTTP/1.1" 404 196 "-" "Mozilla/5.0 (X11; Linux x86_64) AppleWebKit/537.36 (KHTML, like Gecko) Chrome/81.0.4044.129 Safari/537.36"
135.125.246.189 - - [27/Apr/2023:14:06:51 +0000] "POST / HTTP/1.1" 404 196 "-" "Mozilla/5.0 (X11; Linux x86_64) AppleWebKit/537.36 (KHTML, like Gecko) Chrome/81.0.4044.129 Safari/537.36"
79.124.59.170 - - [27/Apr/2023:14:20:17 +0000] "GET / HTTP/1.0" 403 3630 "-" "masscan/1.3 (https://github.com/robertdavidgraham/masscan)"
193.32.162.159 - - [27/Apr/2023:14:26:39 +0000] "GET / HTTP/1.1" 403 3630 "-" "Mozilla/5.0 (Windows NT 10.0; Win64; x64) AppleWebKit/537.36 (KHTML, like Gecko) Chrome/90.0.4430.85 Safari/537.36 Edg/90.0.818.46"
193.32.162.159 - - [27/Apr/2023:14:26:45 +0000] "GET /dispatch.asp HTTP/1.1" 404 196 "-" "Mozilla/5.0 (Windows NT 10.0; Win64; x64) AppleWebKit/537.36 (KHTML, like Gecko) Chrome/90.0.4430.85 Safari/537.36 Edg/90.0.818.46"
43.154.128.189 - - [27/Apr/2023:15:14:02 +0000] "HEAD /Core/Skin/Login.aspx HTTP/1.1" 404 - "-" "Mozilla/5.0 (Windows NT 10.0; Win64; x64) AppleWebKit/537.36 (KHTML, like Gecko) Chrome/106.0.0.0 Safari/537.36"
135.125.246.189 - - [27/Apr/2023:16:11:47 +0000] "GET /.env HTTP/1.1" 404 196 "-" "Mozilla/5.0 (X11; Linux x86_64) AppleWebKit/537.36 (KHTML, like Gecko) Chrome/81.0.4044.129 Safari/537.36"
135.125.246.189 - - [27/Apr/2023:16:11:48 +0000] "POST / HTTP/1.1" 404 196 "-" "Mozilla/5.0 (X11; Linux x86_64) AppleWebKit/537.36 (KHTML, like Gecko) Chrome/81.0.4044.129 Safari/537.36"
43.154.128.189 - - [27/Apr/2023:16:34:07 +0000] "HEAD /Core/Skin/Login.aspx HTTP/1.1" 404 - "-" "Mozilla/5.0 (Windows NT 10.0; Win64; x64) AppleWebKit/537.36 (KHTML, like Gecko) Chrome/106.0.0.0 Safari/537.36"
139.162.84.205 - - [27/Apr/2023:16:40:08 +0000] "GET / HTTP/1.0" 403 3630 "-" "Mozilla/5.0 (X11; Linux x86_64) AppleWebKit/537.36 (KHTML, like Gecko) Chrome/109.0.0.0 Safari/537.36"
109.122.221.170 - - [27/Apr/2023:16:55:17 +0000] "GET /.env HTTP/1.1" 404 196 "-" "Mozilla/5.0 (Macintosh; Intel Mac OS X 10.15; rv:77.0) Gecko/20100101 Firefox/77.0"
109.122.221.170 - - [27/Apr/2023:16:55:17 +0000] "GET /wp-content/ HTTP/1.1" 404 196 "-" "Mozilla/5.0 (Macintosh; Intel Mac OS X 10.15; rv:77.0) Gecko/20100101 Firefox/77.0"
172.105.128.12 - - [27/Apr/2023:16:57:12 +0000] "\x16\x03\x01" 400 226 "-" "-"
193.32.162.159 - - [27/Apr/2023:17:05:57 +0000] "GET / HTTP/1.1" 403 3630 "-" "Mozilla/5.0 (Windows NT 10.0; Win64; x64) AppleWebKit/537.36 (KHTML, like Gecko) Chrome/90.0.4430.85 Safari/537.36 Edg/90.0.818.46"
193.32.162.159 - - [27/Apr/2023:17:06:02 +0000] "GET /dispatch.asp HTTP/1.1" 404 196 "-" "Mozilla/5.0 (Windows NT 10.0; Win64; x64) AppleWebKit/537.36 (KHTML, like Gecko) Chrome/90.0.4430.85 Safari/537.36 Edg/90.0.818.46"
79.124.59.170 - - [27/Apr/2023:17:16:53 +0000] "GET / HTTP/1.0" 403 3630 "-" "masscan/1.3 (https://github.com/robertdavidgraham/masscan)"
79.124.59.170 - - [27/Apr/2023:17:25:46 +0000] "GET / HTTP/1.0" 403 3630 "-" "masscan/1.3 (https://github.com/robertdavidgraham/masscan)"
212.224.93.195 - - [27/Apr/2023:17:26:13 +0000] "GET /docker-compose.yml HTTP/1.1" 404 196 "-" "Mozilla/5.0 (X11; FreeBSD amd64) AppleWebKit/535.22+ (KHTML, like Gecko) Chromium/17.0.963.56 Chrome/17.0.963.56 Safari/535.22+ Epiphany/2.30.6"
::1 - - [27/Apr/2023:17:37:51 +0000] "OPTIONS * HTTP/1.0" 200 - "-" "Apache/2.4.56 () (internal dummy connection)"
135.125.246.189 - - [27/Apr/2023:17:37:58 +0000] "GET /.env HTTP/1.1" 404 196 "-" "Mozilla/5.0 (X11; Linux x86_64) AppleWebKit/537.36 (KHTML, like Gecko) Chrome/81.0.4044.129 Safari/537.36"
135.125.246.189 - - [27/Apr/2023:17:37:59 +0000] "POST / HTTP/1.1" 404 196 "-" "Mozilla/5.0 (X11; Linux x86_64) AppleWebKit/537.36 (KHTML, like Gecko) Chrome/81.0.4044.129 Safari/537.36"
::1 - - [27/Apr/2023:17:38:24 +0000] "OPTIONS * HTTP/1.0" 200 - "-" "Apache/2.4.56 () (internal dummy connection)"
::1 - - [27/Apr/2023:17:38:25 +0000] "OPTIONS * HTTP/1.0" 200 - "-" "Apache/2.4.56 () (internal dummy connection)"
::1 - - [27/Apr/2023:17:38:26 +0000] "OPTIONS * HTTP/1.0" 200 - "-" "Apache/2.4.56 () (internal dummy connection)"
43.154.128.189 - - [27/Apr/2023:17:52:56 +0000] "HEAD /Core/Skin/Login.aspx HTTP/1.1" 404 - "-" "Mozilla/5.0 (Windows NT 10.0; Win64; x64) AppleWebKit/537.36 (KHTML, like Gecko) Chrome/106.0.0.0 Safari/537.36"
193.32.162.159 - - [27/Apr/2023:18:16:00 +0000] "GET / HTTP/1.1" 403 3630 "-" "Mozilla/5.0 (Windows NT 10.0; Win64; x64) AppleWebKit/537.36 (KHTML, like Gecko) Chrome/90.0.4430.85 Safari/537.36 Edg/90.0.818.46"
193.32.162.159 - - [27/Apr/2023:18:16:06 +0000] "GET /dispatch.asp HTTP/1.1" 404 196 "-" "Mozilla/5.0 (Windows NT 10.0; Win64; x64) AppleWebKit/537.36 (KHTML, like Gecko) Chrome/90.0.4430.85 Safari/537.36 Edg/90.0.818.46"
135.125.246.189 - - [27/Apr/2023:18:20:43 +0000] "GET /.env HTTP/1.1" 404 196 "-" "Mozilla/5.0 (X11; Linux x86_64) AppleWebKit/537.36 (KHTML, like Gecko) Chrome/81.0.4044.129 Safari/537.36"
135.125.246.189 - - [27/Apr/2023:18:20:44 +0000] "POST / HTTP/1.1" 404 196 "-" "Mozilla/5.0 (X11; Linux x86_64) AppleWebKit/537.36 (KHTML, like Gecko) Chrome/81.0.4044.129 Safari/537.36"
141.98.6.241 - - [27/Apr/2023:18:28:35 +0000] "GET / HTTP/1.1" 403 3630 "-" "python-requests/2.22.0"
141.98.6.241 - - [27/Apr/2023:18:28:35 +0000] "GET /_profiler/empty/search/results HTTP/1.1" 404 196 "-" "python-requests/2.22.0"
162.216.149.236 - - [27/Apr/2023:18:42:44 +0000] "GET / HTTP/1.1" 403 3630 "-" "Expanse, a Palo Alto Networks company, searches across the global IPv4 space multiple times per day to identify customers' presences on the Internet. If you would like to be excluded from our scans, please send IP addresses/domains to: scaninfo@paloaltonetworks.com"
66.240.205.34 - - [27/Apr/2023:18:54:16 +0000] "Gh0st\xad" 400 226 "-" "-"
172.105.128.13 - - [27/Apr/2023:18:57:16 +0000] "\x16\x03\x01" 400 226 "-" "-"
43.154.128.189 - - [27/Apr/2023:19:11:35 +0000] "HEAD /Core/Skin/Login.aspx HTTP/1.1" 404 - "-" "Mozilla/5.0 (Windows NT 10.0; Win64; x64) AppleWebKit/537.36 (KHTML, like Gecko) Chrome/106.0.0.0 Safari/537.36"
162.216.149.126 - - [27/Apr/2023:19:12:48 +0000] "GET / HTTP/1.1" 403 3630 "-" "Expanse, a Palo Alto Networks company, searches across the global IPv4 space multiple times per day to identify customers' presences on the Internet. If you would like to be excluded from our scans, please send IP addresses/domains to: scaninfo@paloaltonetworks.com"
34.79.162.186 - - [27/Apr/2023:19:15:41 +0000] "GET / HTTP/1.1" 403 3630 "-" "python-requests/2.28.2"
193.35.18.60 - - [27/Apr/2023:19:59:18 +0000] "GET / HTTP/1.1" 403 3630 "-" "-"
193.35.18.60 - - [27/Apr/2023:19:59:19 +0000] "POST /HNAP1/ HTTP/1.1" 404 196 "-" "Mozila/5.0"
193.32.162.159 - - [27/Apr/2023:20:13:36 +0000] "GET / HTTP/1.1" 403 3630 "-" "Mozilla/5.0 (Windows NT 10.0; Win64; x64) AppleWebKit/537.36 (KHTML, like Gecko) Chrome/90.0.4430.85 Safari/537.36 Edg/90.0.818.46"
193.32.162.159 - - [27/Apr/2023:20:13:41 +0000] "GET /dispatch.asp HTTP/1.1" 404 196 "-" "Mozilla/5.0 (Windows NT 10.0; Win64; x64) AppleWebKit/537.36 (KHTML, like Gecko) Chrome/90.0.4430.85 Safari/537.36 Edg/90.0.818.46"
47.254.85.182 - - [27/Apr/2023:20:23:19 +0000] "GET / HTTP/1.1" 403 3630 "-" "Mozilla/5.0 (Linux; Android 10; LIO-AN00 Build/HUAWEILIO-AN00; wv) AppleWebKit/537.36 (KHTML, like Gecko) Chrome/103.0.5060.114 Mobile Safari/537.36"
47.88.86.63 - - [27/Apr/2023:20:23:20 +0000] "GET /Public/home/js/check.js HTTP/1.1" 404 196 "-" "Mozilla/5.0 (Linux; Android 10; LIO-AN00 Build/HUAWEILIO-AN00; wv) AppleWebKit/537.36 (KHTML, like Gecko) Chrome/103.0.5060.114 Mobile Safari/537.36"
